
Calculate the remainder when 562641 is divided by 15.
6
What is the remainder when 1181 is divided by 378?
47
Calculate the remainder when 22560 is divided by 10734.
1092
Calculate the remainder when 306870 is divided by 121.
14
What is the remainder when 12614 is divided by 59?
47
What is the remainder when 136856 is divided by 45611?
23
What is the remainder when 1588 is divided by 785?
18
What is the remainder when 23879 is divided by 41?
17
What is the remainder when 8997865 is divided by 47?
44
What is the remainder when 279 is divided by 35?
34
Calculate the remainder when 3863139 is divided by 829.
828
Calculate the remainder when 13152 is divided by 146.
12
What is the remainder when 107806 is divided by 318?
4
Calculate the remainder when 215245 is divided by 283.
165
Calculate the remainder when 1057 is divided by 831.
226
What is the remainder when 1090446 is divided by 304?
302
Calculate the remainder when 2057 is divided by 290.
27
Calculate the remainder when 455726 is divided by 364.
362
Calculate the remainder when 3133 is divided by 437.
74
Calculate the remainder when 1885 is divided by 126.
121
Calculate the remainder when 12682 is divided by 4.
2
What is the remainder when 138777 is divided by 701?
680
Calculate the remainder when 10719 is divided by 257.
182
What is the remainder when 107638 is divided by 207?
205
Calculate the remainder when 2026 is divided by 429.
310
Calculate the remainder when 3432 is divided by 251.
169
Calculate the remainder when 3922 is divided by 93.
16
Calculate the remainder when 97125 is divided by 36.
33
Calculate the remainder when 11225 is divided by 82.
73
Calculate the remainder when 16835 is divided by 2405.
0
What is the remainder when 1442 is divided by 220?
122
What is the remainder when 29576 is divided by 296?
272
What is the remainder when 143467 is divided by 392?
387
Calculate the remainder when 2248 is divided by 162.
142
Calculate the remainder when 103215 is divided by 9.
3
What is the remainder when 8879 is divided by 2613?
1040
What is the remainder when 1094 is divided by 16?
6
Calculate the remainder when 125263 is divided by 62631.
1
What is the remainder when 4281433 is divided by 20?
13
What is the remainder when 1593 is divided by 275?
218
What is the remainder when 176517 is divided by 30?
27
Calculate the remainder when 262091 is divided by 87357.
20
What is the remainder when 15004 is divided by 49?
10
Calculate the remainder when 148130 is divided by 202.
64
What is the remainder when 20853 is divided by 695?
3
Calculate the remainder when 2196 is divided by 18.
0
Calculate the remainder when 1260348 is divided by 2275.
2273
Calculate the remainder when 21188 is divided by 7057.
17
What is the remainder when 98332 is divided by 100?
32
Calculate the remainder when 17934 is divided by 672.
462
What is the remainder when 15992 is divided by 1596?
32
Calculate the remainder when 29421 is divided by 162.
99
What is the remainder when 67744 is divided by 33866?
12
Calculate the remainder when 53738 is divided by 36.
26
Calculate the remainder when 257832 is divided by 167.
151
What is the remainder when 8100 is divided by 2023?
8
Calculate the remainder when 7446 is divided by 946.
824
What is the remainder when 29865 is divided by 228?
225
What is the remainder when 4148542 is divided by 136?
134
What is the remainder when 79143 is divided by 13?
12
Calculate the remainder when 48651 is divided by 24294.
63
Calculate the remainder when 4333 is divided by 313.
264
What is the remainder when 3033 is divided by 344?
281
What is the remainder when 833 is divided by 414?
5
Calculate the remainder when 46887 is divided by 76.
71
What is the remainder when 85539 is divided by 8551?
29
Calculate the remainder when 5493 is divided by 936.
813
Calculate the remainder when 406861 is divided by 16.
13
Calculate the remainder when 132245 is divided by 1150.
1145
What is the remainder when 74063 is divided by 394?
385
What is the remainder when 47562 is divided by 9?
6
What is the remainder when 94 is divided by 37?
20
What is the remainder when 1148 is divided by 82?
0
Calculate the remainder when 11228 is divided by 132.
8
Calculate the remainder when 6382 is divided by 6226.
156
Calculate the remainder when 150781 is divided by 150762.
19
Calculate the remainder when 53559 is divided by 2975.
9
What is the remainder when 162096 is divided by 54023?
27
What is the remainder when 2760 is divided by 65?
30
Calculate the remainder when 41096 is divided by 50.
46
What is the remainder when 28499 is divided by 15?
14
Calculate the remainder when 480863 is divided by 38.
11
Calculate the remainder when 22792 is divided by 174.
172
Calculate the remainder when 6668 is divided by 1110.
8
What is the remainder when 884105 is divided by 2712?
2705
Calculate the remainder when 83337 is divided by 30.
27
Calculate the remainder when 40366 is divided by 43.
32
Calculate the remainder when 16344 is divided by 783.
684
What is the remainder when 3698 is divided by 179?
118
Calculate the remainder when 58318 is divided by 111.
43
What is the remainder when 28679 is divided by 12?
11
What is the remainder when 42672 is divided by 454?
450
What is the remainder when 1774 is divided by 1430?
344
Calculate the remainder when 40880 is divided by 13.
8
What is the remainder when 667651 is divided by 1241?
1234
Calculate the remainder when 2413 is divided by 173.
164
Calculate the remainder when 902 is divided by 176.
22
Calculate the remainder when 11166 is divided by 540.
366
What is the remainder when 5564 is divided by 333?
236
Calculate the remainder when 1237 is divided by 196.
61
What is the remainder when 12265 is divided by 59?
52
What is the remainder when 22840 is divided by 302?
190
Calculate the remainder when 82159 is divided by 20.
19
Calculate the remainder when 1341 is divided by 16.
13
What is the remainder when 389117 is divided by 1046?
5
Calculate the remainder when 337 is divided by 8.
1
Calculate the remainder when 443168 is divided by 699.
2
What is the remainder when 649717 is divided by 326?
325
What is the remainder when 9016 is divided by 264?
40
What is the remainder when 12821 is divided by 101?
95
Calculate the remainder when 87613 is divided by 87604.
9
Calculate the remainder when 1296 is divided by 623.
50
Calculate the remainder when 4103 is divided by 2044.
15
Calculate the remainder when 217278 is divided by 1333.
1332
What is the remainder when 34530 is divided by 34507?
23
Calculate the remainder when 44084 is divided by 3148.
12
Calculate the remainder when 345867 is divided by 14.
11
Calculate the remainder when 10184 is divided by 670.
134
What is the remainder when 3665 is divided by 27?
20
Calculate the remainder when 98277 is divided by 7018.
25
Calculate the remainder when 81288 is divided by 2139.
6
What is the remainder when 1029551 is divided by 1068?
1067
What is the remainder when 346272 is divided by 855?
852
What is the remainder when 13778 is divided by 20?
18
What is the remainder when 4244 is divided by 385?
9
Calculate the remainder when 165446 is divided by 840.
806
What is the remainder when 38544 is divided by 771?
765
Calculate the remainder when 128268 is divided by 42755.
3
Calculate the remainder when 1509 is divided by 27.
24
What is the remainder when 161691 is divided by 9507?
72
Calculate the remainder when 11484 is divided by 115.
99
What is the remainder when 3796 is divided by 68?
56
What is the remainder when 487 is divided by 119?
11
What is the remainder when 9904 is divided by 75?
4
What is the remainder when 5773 is divided by 430?
183
Calculate the remainder when 956 is divided by 86.
10
What is the remainder when 24769 is divided by 295?
284
Calculate the remainder when 254300 is divided by 13.
7
What is the remainder when 2530 is divided by 1660?
870
Calculate the remainder when 53906 is divided by 1018.
970
Calculate the remainder when 15833 is divided by 132.
125
What is the remainder when 6837 is divided by 1704?
21
What is the remainder when 15777343 is divided by 645?
643
What is the remainder when 2790 is divided by 149?
108
What is the remainder when 7442 is divided by 3703?
36
Calculate the remainder when 560948